{"id":10562,"date":"2023-09-07T13:48:33","date_gmt":"2023-09-07T11:48:33","guid":{"rendered":"https:\/\/mv-balgach.ch\/?page_id=10562"},"modified":"2025-09-02T11:33:58","modified_gmt":"2025-09-02T09:33:58","slug":"musigreis-2023","status":"publish","type":"page","link":"https:\/\/mv-balgach.ch\/?page_id=10562","title":{"rendered":"Musigreis 2023"},"content":{"rendered":"\nngg_shortcode_0_placeholder\n\n\n\n<figure class=\"wp-block-video\"><video controls src=\"https:\/\/mv-balgach.ch\/wordpress\/wp-content\/uploads\/2023\/09\/VID-20230903-WA0036.mp4\"><\/video><\/figure>\n\n\n\n<p>Am ersten Septemberwochenende fand die \u00abMusigreis 2023\u00bb der Balger Musikantinnen und Musikanten bei durchweg bestem sonnigem Wetter statt. F\u00fcr einmal waren die Musiker ohne ihre Instrumente unterwegs, denn diesmal standen das gem\u00fctliche Beisammensein und spannende gemeinsame Erlebnisse im Vordergrund.<br><br>Gestartet wurde bereits am Freitagmittag und direkt nach der Ankunft in Davos gab es f\u00fcr die 28 Teilnehmer der Reise eine interessante F\u00fchrung im WSL-Institut f\u00fcr Schnee- und Lawinenforschung SLF. Den Weg zum Hotel legten die MVBler im Anschluss zu Fuss zur\u00fcck. Nach einem Ap\u00e9ro gab es im Steakhouse Ochsen einen sehr feinen Z`Nacht vom heissen Stein. Danach liessen die Balgacher den Abend gem\u00fctlich ausklingen in der Ochsen-Bar.<\/p>\n\n\n\n<p>Am Samstagmorgen stand die Sommer-Challange auf dem Programm. Bei dieser durften die Balgacher in 3 Gruppen bei verschiedenen Wettspielen ihr K\u00f6nnen und ihre Fitness unter Beweis stellen. So durften die Musiker sich z. B. messen beim lustigen \u201eBlinde Kuh\u201c-Spiel Begriffe erraten bei der \u201eMontagskneterin\u201c oder zu viert auf 2 riesigen Skiern einen Parcour bew\u00e4ltigen. Neben den Arm- und Beinmuskeln wurden auch sehr die Lachmuskeln aller Teilnehmenden strapaziert. Nach all diesen Anstrengungen hatten sich die Balgacher einen Imbiss im Hockeystadion des HCD redlich verdient.<\/p>\n\n\n\n<p>Anschliessend ging es mit der Jakobshornbahn zur Ischalp hinauf. Von dort aus wanderten die Musikanten auf einem wundersch\u00f6nen \u00fcberwiegend durch Wald f\u00fchrenden Weg zum Naturfreundehaus. Dort angekommen wurden sie mit k\u00fchlen Getr\u00e4nken und einem leckeren Z`Vieri belohnt. Frisch gest\u00e4rkt wurde der R\u00fcckweg ins Tal und zum Hotel zu Fuss zur\u00fcckgelegt und der Abend stand f\u00fcr alle zur freien Verf\u00fcgung.<\/p>\n\n\n\n<p>Nach dem Fr\u00fchst\u00fcck am Sonntagmorgen fuhren die MVBler mit dem Ortsbus nach Sertig Sand. Von da aus liefen sie auf einem sch\u00f6nen Rundweg zum dortigen Wasserfall und einige Mutige nutzten das saubere klare Wasser sogar f\u00fcr ein (Fuss-) Bad. Danach genossen die Balgacher ein feines Mittagessen im Restaurant Walserhuus Sertig. Zum kr\u00f6nenden Abschluss der Musikreise ging es per Trottinett wieder bergab bis nach Davos Frauenkirch, wo bereits der Car f\u00fcr die R\u00fcckfahrt nach Balgach auf die Musiker wartete.<\/p>\n","protected":false},"excerpt":{"rendered":"<p>Am ersten Septemberwochenende fand die \u00abMusigreis 2023\u00bb der Balger Musikantinnen und Musikanten bei durchweg bestem sonnigem Wetter statt. F\u00fcr einmal waren die Musiker ohne ihre Instrumente unterwegs, denn diesmal standen das gem\u00fctliche Beisammensein und spannende gemeinsame Erlebnisse im Vordergrund. Gestartet wurde bereits am Freitagmittag und direkt nach der Ankunft in Davos gab es f\u00fcr die &hellip; <a href=\"https:\/\/mv-balgach.ch\/?page_id=10562\" class=\"more-link\"><span class=\"screen-reader-text\">Musigreis 2023<\/span> weiterlesen <span class=\"meta-nav\">&rarr;<\/span><\/a><\/p>\n","protected":false},"author":1,"featured_media":10545,"parent":11138,"menu_order":58,"comment_status":"closed","ping_status":"closed","template":"","meta":{"ngg_post_thumbnail":0,"footnotes":""},"class_list":["post-10562","page","type-page","status-publish","has-post-thumbnail","hentry"],"_links":{"self":[{"href":"https:\/\/mv-balgach.ch\/index.php?rest_route=\/wp\/v2\/pages\/10562","targetHints":{"allow":["GET"]}}],"collection":[{"href":"https:\/\/mv-balgach.ch\/index.php?rest_route=\/wp\/v2\/pages"}],"about":[{"href":"https:\/\/mv-balgach.ch\/index.php?rest_route=\/wp\/v2\/types\/page"}],"author":[{"embeddable":true,"href":"https:\/\/mv-balgach.ch\/index.php?rest_route=\/wp\/v2\/users\/1"}],"replies":[{"embeddable":true,"href":"https:\/\/mv-balgach.ch\/index.php?rest_route=%2Fwp%2Fv2%2Fcomments&post=10562"}],"version-history":[{"count":3,"href":"https:\/\/mv-balgach.ch\/index.php?rest_route=\/wp\/v2\/pages\/10562\/revisions"}],"predecessor-version":[{"id":11140,"href":"https:\/\/mv-balgach.ch\/index.php?rest_route=\/wp\/v2\/pages\/10562\/revisions\/11140"}],"up":[{"embeddable":true,"href":"https:\/\/mv-balgach.ch\/index.php?rest_route=\/wp\/v2\/pages\/11138"}],"wp:featuredmedia":[{"embeddable":true,"href":"https:\/\/mv-balgach.ch\/index.php?rest_route=\/wp\/v2\/media\/10545"}],"wp:attachment":[{"href":"https:\/\/mv-balgach.ch\/index.php?rest_route=%2Fwp%2Fv2%2Fmedia&parent=10562"}],"curies":[{"name":"wp","href":"https:\/\/api.w.org\/{rel}","templated":true}]}}