{"id":9115,"date":"2019-09-11T21:40:28","date_gmt":"2019-09-11T19:40:28","guid":{"rendered":"http:\/\/mv-balgach.ch\/?page_id=9115"},"modified":"2022-11-26T08:22:24","modified_gmt":"2022-11-26T06:22:24","slug":"hochzeit-franziska-patrick","status":"publish","type":"page","link":"https:\/\/mv-balgach.ch\/?page_id=9115","title":{"rendered":"Eidgen\u00f6ssische Veteranin Christine Schmidheiny"},"content":{"rendered":"\n<p>Am Sa. 12. November 2022 wurde unsere Pr\u00e4sidentin Christine Schmidheiny anl\u00e4sslich der kantonalen Delegiertenversammlung in Zuckenriet f\u00fcr 35 Jahre aktive Blasmusik zur eidgen\u00f6ssischen Veteranin ernannt. Herzliche Gratulation!<\/p>\n\n\n\n<p>Am Abend feierten die Musikanten\/innen mit Partnern\/in im Schlossgut Gr\u00fcnenstein, Balgach.<\/p>\n\n\nngg_shortcode_0_placeholder\n","protected":false},"excerpt":{"rendered":"<p>Am Sa. 12. November 2022 wurde unsere Pr\u00e4sidentin Christine Schmidheiny anl\u00e4sslich der kantonalen Delegiertenversammlung in Zuckenriet f\u00fcr 35 Jahre aktive Blasmusik zur eidgen\u00f6ssischen Veteranin ernannt. Herzliche Gratulation! Am Abend feierten die Musikanten\/innen mit Partnern\/in im Schlossgut Gr\u00fcnenstein, Balgach.<\/p>\n","protected":false},"author":1,"featured_media":10214,"parent":52,"menu_order":64,"comment_status":"closed","ping_status":"closed","template":"","meta":{"ngg_post_thumbnail":0,"footnotes":""},"class_list":["post-9115","page","type-page","status-publish","has-post-thumbnail","hentry"],"_links":{"self":[{"href":"https:\/\/mv-balgach.ch\/index.php?rest_route=\/wp\/v2\/pages\/9115","targetHints":{"allow":["GET"]}}],"collection":[{"href":"https:\/\/mv-balgach.ch\/index.php?rest_route=\/wp\/v2\/pages"}],"about":[{"href":"https:\/\/mv-balgach.ch\/index.php?rest_route=\/wp\/v2\/types\/page"}],"author":[{"embeddable":true,"href":"https:\/\/mv-balgach.ch\/index.php?rest_route=\/wp\/v2\/users\/1"}],"replies":[{"embeddable":true,"href":"https:\/\/mv-balgach.ch\/index.php?rest_route=%2Fwp%2Fv2%2Fcomments&post=9115"}],"version-history":[{"count":3,"href":"https:\/\/mv-balgach.ch\/index.php?rest_route=\/wp\/v2\/pages\/9115\/revisions"}],"predecessor-version":[{"id":10222,"href":"https:\/\/mv-balgach.ch\/index.php?rest_route=\/wp\/v2\/pages\/9115\/revisions\/10222"}],"up":[{"embeddable":true,"href":"https:\/\/mv-balgach.ch\/index.php?rest_route=\/wp\/v2\/pages\/52"}],"wp:featuredmedia":[{"embeddable":true,"href":"https:\/\/mv-balgach.ch\/index.php?rest_route=\/wp\/v2\/media\/10214"}],"wp:attachment":[{"href":"https:\/\/mv-balgach.ch\/index.php?rest_route=%2Fwp%2Fv2%2Fmedia&parent=9115"}],"curies":[{"name":"wp","href":"https:\/\/api.w.org\/{rel}","templated":true}]}}