{"id":9387,"date":"2020-02-11T13:56:29","date_gmt":"2020-02-11T11:56:29","guid":{"rendered":"http:\/\/mv-balgach.ch\/?page_id=9387"},"modified":"2020-02-11T14:00:24","modified_gmt":"2020-02-11T12:00:24","slug":"schlittelplausch","status":"publish","type":"page","link":"https:\/\/mv-balgach.ch\/?page_id=9387","title":{"rendered":"Schlittelplausch"},"content":{"rendered":"\nngg_shortcode_0_placeholder\n\n\n\n<p><strong>Saisonabschluss<\/strong><br>Als Dankesch\u00f6n f\u00fcr den erfolgreichen Unterhaltungsabend wurde f\u00fcr die Beginnerband, f\u00fcr die Jugendmusik und f\u00fcr die Aktiven des Musikvereins Balgach ein Schlittelplausch durchgef\u00fchrt. Das Wetter war den Organisatoren wohlgesonnen, hatte es im Verlauf der Woche doch noch gen\u00fcgend Schnee gegeben, damit die Rodelbahn in Laterns ge\u00f6ffnet werden konnte.<\/p>\n\n\n\n<p><strong>Rodelkarten voll ausgenutzt<\/strong><br>Vor allem die J\u00fcngeren g\u00f6nnten sich keine Pause und nutzten die M\u00f6glichkeit, mit dem Schlitten die knapp vier Kilometer lange Rodelbahn bis in die hinterste Ecke zu erkunden. Vor der Abfahrt nach Balgach gab es dann doch noch eine verdiente St\u00e4rkung. Wer nicht am Schlittelplausch teilnehmen konnte, fand sich zum Ap\u00e9ro im Probelokal ein, wo man bei Raclette und gem\u00fctlichem Zusammensein den Tag und das vergangene Vereinsjahr noch einmal Revue passieren lassen konnte.<\/p>\n","protected":false},"excerpt":{"rendered":"<p>SaisonabschlussAls Dankesch\u00f6n f\u00fcr den erfolgreichen Unterhaltungsabend wurde f\u00fcr die Beginnerband, f\u00fcr die Jugendmusik und f\u00fcr die Aktiven des Musikvereins Balgach ein Schlittelplausch durchgef\u00fchrt. Das Wetter war den Organisatoren wohlgesonnen, hatte es im Verlauf der Woche doch noch gen\u00fcgend Schnee gegeben, damit die Rodelbahn in Laterns ge\u00f6ffnet werden konnte. Rodelkarten voll ausgenutztVor allem die J\u00fcngeren g\u00f6nnten &hellip; <a href=\"https:\/\/mv-balgach.ch\/?page_id=9387\" class=\"more-link\"><span class=\"screen-reader-text\">Schlittelplausch<\/span> weiterlesen <span class=\"meta-nav\">&rarr;<\/span><\/a><\/p>\n","protected":false},"author":1,"featured_media":9346,"parent":52,"menu_order":74,"comment_status":"closed","ping_status":"closed","template":"","meta":{"ngg_post_thumbnail":0,"footnotes":""},"class_list":["post-9387","page","type-page","status-publish","has-post-thumbnail","hentry"],"_links":{"self":[{"href":"https:\/\/mv-balgach.ch\/index.php?rest_route=\/wp\/v2\/pages\/9387","targetHints":{"allow":["GET"]}}],"collection":[{"href":"https:\/\/mv-balgach.ch\/index.php?rest_route=\/wp\/v2\/pages"}],"about":[{"href":"https:\/\/mv-balgach.ch\/index.php?rest_route=\/wp\/v2\/types\/page"}],"author":[{"embeddable":true,"href":"https:\/\/mv-balgach.ch\/index.php?rest_route=\/wp\/v2\/users\/1"}],"replies":[{"embeddable":true,"href":"https:\/\/mv-balgach.ch\/index.php?rest_route=%2Fwp%2Fv2%2Fcomments&post=9387"}],"version-history":[{"count":3,"href":"https:\/\/mv-balgach.ch\/index.php?rest_route=\/wp\/v2\/pages\/9387\/revisions"}],"predecessor-version":[{"id":9392,"href":"https:\/\/mv-balgach.ch\/index.php?rest_route=\/wp\/v2\/pages\/9387\/revisions\/9392"}],"up":[{"embeddable":true,"href":"https:\/\/mv-balgach.ch\/index.php?rest_route=\/wp\/v2\/pages\/52"}],"wp:featuredmedia":[{"embeddable":true,"href":"https:\/\/mv-balgach.ch\/index.php?rest_route=\/wp\/v2\/media\/9346"}],"wp:attachment":[{"href":"https:\/\/mv-balgach.ch\/index.php?rest_route=%2Fwp%2Fv2%2Fmedia&parent=9387"}],"curies":[{"name":"wp","href":"https:\/\/api.w.org\/{rel}","templated":true}]}}